{"id":27,"date":"2025-02-18T12:12:56","date_gmt":"2025-02-18T12:12:56","guid":{"rendered":"https:\/\/wp.ellias-pflegedienst.de\/?page_id=27"},"modified":"2025-02-19T13:51:10","modified_gmt":"2025-02-19T13:51:10","slug":"home","status":"publish","type":"page","link":"https:\/\/ellias-pflegedienst.de\/","title":{"rendered":"Home"},"content":{"rendered":"\t\t<div data-elementor-type=\"wp-page\" data-elementor-id=\"27\" class=\"elementor elementor-27\" data-elementor-post-type=\"page\">\n\t\t\t\t<div class=\"elementor-element elementor-element-35e471b7 e-flex e-con-boxed e-con e-parent\" data-id=\"35e471b7\" data-element_type=\"container\" data-settings=\"{&quot;background_background&quot;:&quot;classic&quot;}\">\n\t\t\t\t\t<div class=\"e-con-inner\">\n\t\t\t\t<div class=\"elementor-element elementor-element-4f097878 elementor-widget elementor-widget-heading\" data-id=\"4f097878\" data-element_type=\"widget\" data-widget_type=\"heading.default\">\n\t\t\t\t<div class=\"elementor-widget-container\">\n\t\t\t\t\t<h6 class=\"elementor-heading-title elementor-size-default\">ELLIAS GMBH <\/h6>\t\t\t\t<\/div>\n\t\t\t\t<\/div>\n\t\t\t\t<div class=\"elementor-element elementor-element-377a05c9 elementor-widget elementor-widget-heading\" data-id=\"377a05c9\" data-element_type=\"widget\" data-widget_type=\"heading.default\">\n\t\t\t\t<div class=\"elementor-widget-container\">\n\t\t\t\t\t<h1 class=\"elementor-heading-title elementor-size-default\">Ihr Ambulanter Pflegedienst in Hilden<\/h1>\t\t\t\t<\/div>\n\t\t\t\t<\/div>\n\t\t\t\t<div class=\"elementor-element elementor-element-72bbf78b elementor-widget elementor-widget-heading\" data-id=\"72bbf78b\" data-element_type=\"widget\" data-widget_type=\"heading.default\">\n\t\t\t\t<div class=\"elementor-widget-container\">\n\t\t\t\t\t<h5 class=\"elementor-heading-title elementor-size-default\">Die Lebensqualit\u00e4t unserer Patienten und ihrer Angeh\u00f6rigen ist unser wichtigstes Anliegen.\n\nUnser Handeln ist auf Ihre individuellen Bed\u00fcrfnisse und W\u00fcnsche ausgerichtet. <\/h5>\t\t\t\t<\/div>\n\t\t\t\t<\/div>\n\t\t\t\t\t<\/div>\n\t\t\t\t<\/div>\n\t\t<div class=\"elementor-element elementor-element-47e64d8f e-con-full e-flex e-con e-parent\" data-id=\"47e64d8f\" data-element_type=\"container\" data-settings=\"{&quot;background_background&quot;:&quot;classic&quot;}\">\n\t\t<div class=\"elementor-element elementor-element-7eeaf376 e-con-full e-flex e-con e-child\" data-id=\"7eeaf376\" data-element_type=\"container\">\n\t\t\t\t<div class=\"elementor-element elementor-element-8e96e32 elementor-widget__width-initial elementor-widget elementor-widget-heading\" data-id=\"8e96e32\" data-element_type=\"widget\" data-widget_type=\"heading.default\">\n\t\t\t\t<div class=\"elementor-widget-container\">\n\t\t\t\t\t<h2 class=\"elementor-heading-title elementor-size-default\">Pflege bedeutet f\u00fcr uns Vertrauen gepaart mit Kompetenz. <\/h2>\t\t\t\t<\/div>\n\t\t\t\t<\/div>\n\t\t\t\t<div class=\"elementor-element elementor-element-ca8f46b elementor-widget elementor-widget-text-editor\" data-id=\"ca8f46b\" data-element_type=\"widget\" data-settings=\"{&quot;_animation&quot;:&quot;none&quot;,&quot;_animation_delay&quot;:0}\" data-widget_type=\"text-editor.default\">\n\t\t\t\t<div class=\"elementor-widget-container\">\n\t\t\t\t\t\t\t\t\t<p>Wir stehen Familien mit Rat und Tat zur Seite, wenn es um die Organisation zwischen Beruf und zu pflegende Angeh\u00f6rige geht.<\/p><p>Praktische Hilfe im Alltag sowie f\u00fcrsorglicher Umgang mit den Pflegebed\u00fcrftigen und ihren Angeh\u00f6rigen stehen bei uns im Vordergrund.<\/p>\t\t\t\t\t\t\t\t<\/div>\n\t\t\t\t<\/div>\n\t\t\t\t<div class=\"elementor-element elementor-element-f34ff49 elementor-widget-mobile__width-inherit elementor-tablet-align-center elementor-widget elementor-widget-button\" data-id=\"f34ff49\" data-element_type=\"widget\" data-settings=\"{&quot;_animation&quot;:&quot;none&quot;,&quot;_animation_delay&quot;:0}\" data-widget_type=\"button.default\">\n\t\t\t\t<div class=\"elementor-widget-container\">\n\t\t\t\t\t\t\t\t\t<div class=\"elementor-button-wrapper\">\n\t\t\t\t\t<a class=\"elementor-button elementor-button-link elementor-size-sm\" href=\"https:\/\/ellias-pflegedienst.de\/?page_id=36\">\n\t\t\t\t\t\t<span class=\"elementor-button-content-wrapper\">\n\t\t\t\t\t\t\t\t\t<span class=\"elementor-button-text\">Unsere Leistungen<\/span>\n\t\t\t\t\t<\/span>\n\t\t\t\t\t<\/a>\n\t\t\t\t<\/div>\n\t\t\t\t\t\t\t\t<\/div>\n\t\t\t\t<\/div>\n\t\t\t\t<\/div>\n\t\t<div class=\"elementor-element elementor-element-338b4b3f e-con-full e-flex e-con e-child\" data-id=\"338b4b3f\" data-element_type=\"container\">\n\t\t\t\t<div class=\"elementor-element elementor-element-7f836771 elementor-widget-mobile__width-initial elementor-widget elementor-widget-image\" data-id=\"7f836771\" data-element_type=\"widget\" data-widget_type=\"image.default\">\n\t\t\t\t<div class=\"elementor-widget-container\">\n\t\t\t\t\t\t\t\t\t\t\t\t\t\t\t<img fetchpriority=\"high\" decoding=\"async\" width=\"800\" height=\"533\" src=\"https:\/\/ellias-pflegedienst.de\/wp-content\/uploads\/2025\/02\/Depositphotos_47670295_l-2015-1-1024x682.jpg\" class=\"attachment-large size-large wp-image-134\" alt=\"\" srcset=\"https:\/\/ellias-pflegedienst.de\/wp-content\/uploads\/2025\/02\/Depositphotos_47670295_l-2015-1-1024x682.jpg 1024w, https:\/\/ellias-pflegedienst.de\/wp-content\/uploads\/2025\/02\/Depositphotos_47670295_l-2015-1-300x200.jpg 300w, https:\/\/ellias-pflegedienst.de\/wp-content\/uploads\/2025\/02\/Depositphotos_47670295_l-2015-1-768x512.jpg 768w, https:\/\/ellias-pflegedienst.de\/wp-content\/uploads\/2025\/02\/Depositphotos_47670295_l-2015-1-1536x1024.jpg 1536w, https:\/\/ellias-pflegedienst.de\/wp-content\/uploads\/2025\/02\/Depositphotos_47670295_l-2015-1.jpg 2000w\" sizes=\"(max-width: 800px) 100vw, 800px\" \/>\t\t\t\t\t\t\t\t\t\t\t\t\t\t\t<\/div>\n\t\t\t\t<\/div>\n\t\t\t\t<div class=\"elementor-element elementor-element-39d7a154 elementor-widget-mobile__width-initial elementor-widget elementor-widget-image\" data-id=\"39d7a154\" data-element_type=\"widget\" data-widget_type=\"image.default\">\n\t\t\t\t<div class=\"elementor-widget-container\">\n\t\t\t\t\t\t\t\t\t\t\t\t\t\t\t<img decoding=\"async\" width=\"800\" height=\"533\" src=\"https:\/\/ellias-pflegedienst.de\/wp-content\/uploads\/2025\/02\/Depositphotos_32902589_l-2015-1-1024x682.jpg\" class=\"attachment-large size-large wp-image-133\" alt=\"\" srcset=\"https:\/\/ellias-pflegedienst.de\/wp-content\/uploads\/2025\/02\/Depositphotos_32902589_l-2015-1-1024x682.jpg 1024w, https:\/\/ellias-pflegedienst.de\/wp-content\/uploads\/2025\/02\/Depositphotos_32902589_l-2015-1-300x200.jpg 300w, https:\/\/ellias-pflegedienst.de\/wp-content\/uploads\/2025\/02\/Depositphotos_32902589_l-2015-1-768x512.jpg 768w, https:\/\/ellias-pflegedienst.de\/wp-content\/uploads\/2025\/02\/Depositphotos_32902589_l-2015-1-1536x1024.jpg 1536w, https:\/\/ellias-pflegedienst.de\/wp-content\/uploads\/2025\/02\/Depositphotos_32902589_l-2015-1.jpg 2000w\" sizes=\"(max-width: 800px) 100vw, 800px\" \/>\t\t\t\t\t\t\t\t\t\t\t\t\t\t\t<\/div>\n\t\t\t\t<\/div>\n\t\t\t\t<\/div>\n\t\t\t\t<\/div>\n\t\t<div class=\"elementor-element elementor-element-393e50a9 e-con-full e-flex e-con e-parent\" data-id=\"393e50a9\" data-element_type=\"container\" data-settings=\"{&quot;background_background&quot;:&quot;classic&quot;}\">\n\t\t<div class=\"elementor-element elementor-element-121ff7f5 e-con-full e-flex e-con e-child\" data-id=\"121ff7f5\" data-element_type=\"container\">\n\t\t\t\t<div class=\"elementor-element elementor-element-3930c82a elementor-widget elementor-widget-image\" data-id=\"3930c82a\" data-element_type=\"widget\" data-widget_type=\"image.default\">\n\t\t\t\t<div class=\"elementor-widget-container\">\n\t\t\t\t\t\t\t\t\t\t\t\t\t\t\t<img decoding=\"async\" width=\"2000\" height=\"1335\" src=\"https:\/\/ellias-pflegedienst.de\/wp-content\/uploads\/2025\/02\/Depositphotos_208479570_l-2015-1.jpg\" class=\"attachment-full size-full wp-image-135\" alt=\"\" srcset=\"https:\/\/ellias-pflegedienst.de\/wp-content\/uploads\/2025\/02\/Depositphotos_208479570_l-2015-1.jpg 2000w, https:\/\/ellias-pflegedienst.de\/wp-content\/uploads\/2025\/02\/Depositphotos_208479570_l-2015-1-300x200.jpg 300w, https:\/\/ellias-pflegedienst.de\/wp-content\/uploads\/2025\/02\/Depositphotos_208479570_l-2015-1-1024x684.jpg 1024w, https:\/\/ellias-pflegedienst.de\/wp-content\/uploads\/2025\/02\/Depositphotos_208479570_l-2015-1-768x513.jpg 768w, https:\/\/ellias-pflegedienst.de\/wp-content\/uploads\/2025\/02\/Depositphotos_208479570_l-2015-1-1536x1025.jpg 1536w\" sizes=\"(max-width: 2000px) 100vw, 2000px\" \/>\t\t\t\t\t\t\t\t\t\t\t\t\t\t\t<\/div>\n\t\t\t\t<\/div>\n\t\t\t\t<\/div>\n\t\t<div class=\"elementor-element elementor-element-287510ec e-con-full e-flex e-con e-child\" data-id=\"287510ec\" data-element_type=\"container\">\n\t\t\t\t<div class=\"elementor-element elementor-element-40e76ab8 elementor-widget__width-initial elementor-widget elementor-widget-heading\" data-id=\"40e76ab8\" data-element_type=\"widget\" data-widget_type=\"heading.default\">\n\t\t\t\t<div class=\"elementor-widget-container\">\n\t\t\t\t\t<h2 class=\"elementor-heading-title elementor-size-default\">Ellias Ambulanter Pflegedienst in Hilden<\/h2>\t\t\t\t<\/div>\n\t\t\t\t<\/div>\n\t\t\t\t<div class=\"elementor-element elementor-element-7e790a68 elementor-widget elementor-widget-text-editor\" data-id=\"7e790a68\" data-element_type=\"widget\" data-settings=\"{&quot;_animation&quot;:&quot;none&quot;,&quot;_animation_delay&quot;:0}\" data-widget_type=\"text-editor.default\">\n\t\t\t\t<div class=\"elementor-widget-container\">\n\t\t\t\t\t\t\t\t\t<p>ist Ihr Partner f\u00fcr die h\u00e4usliche Kranken und Altenpflege in und um Hilden. Wir freuen uns auf ein pers\u00f6nliches Gespr\u00e4ch mit Ihnen.<\/p>\t\t\t\t\t\t\t\t<\/div>\n\t\t\t\t<\/div>\n\t\t\t\t<div class=\"elementor-element elementor-element-4de176a elementor-widget-mobile__width-inherit elementor-widget elementor-widget-button\" data-id=\"4de176a\" data-element_type=\"widget\" data-settings=\"{&quot;_animation&quot;:&quot;none&quot;,&quot;_animation_delay&quot;:0}\" data-widget_type=\"button.default\">\n\t\t\t\t<div class=\"elementor-widget-container\">\n\t\t\t\t\t\t\t\t\t<div class=\"elementor-button-wrapper\">\n\t\t\t\t\t<a class=\"elementor-button elementor-button-link elementor-size-sm\" href=\"https:\/\/ellias-pflegedienst.de\/?page_id=68\">\n\t\t\t\t\t\t<span class=\"elementor-button-content-wrapper\">\n\t\t\t\t\t\t\t\t\t<span class=\"elementor-button-text\">Kontaktieren Sie uns heute!<\/span>\n\t\t\t\t\t<\/span>\n\t\t\t\t\t<\/a>\n\t\t\t\t<\/div>\n\t\t\t\t\t\t\t\t<\/div>\n\t\t\t\t<\/div>\n\t\t\t\t<\/div>\n\t\t\t\t<\/div>\n\t\t\t\t<\/div>\n\t\t","protected":false},"excerpt":{"rendered":"<p>ELLIAS GMBH Ihr Ambulanter Pflegedienst in Hilden Die Lebensqualit\u00e4t unserer Patienten und ihrer Angeh\u00f6rigen ist unser wichtigstes Anliegen. Unser Handeln ist auf Ihre individuellen Bed\u00fcrfnisse und W\u00fcnsche ausgerichtet. Pflege bedeutet f\u00fcr uns Vertrauen gepaart mit Kompetenz. Wir stehen Familien mit Rat und Tat zur Seite, wenn es um die Organisation zwischen Beruf und zu pflegende [&hellip;]<\/p>\n","protected":false},"author":1,"featured_media":0,"parent":0,"menu_order":0,"comment_status":"closed","ping_status":"closed","template":"","meta":{"footnotes":""},"class_list":["post-27","page","type-page","status-publish","hentry"],"_links":{"self":[{"href":"https:\/\/ellias-pflegedienst.de\/index.php?rest_route=\/wp\/v2\/pages\/27","targetHints":{"allow":["GET"]}}],"collection":[{"href":"https:\/\/ellias-pflegedienst.de\/index.php?rest_route=\/wp\/v2\/pages"}],"about":[{"href":"https:\/\/ellias-pflegedienst.de\/index.php?rest_route=\/wp\/v2\/types\/page"}],"author":[{"embeddable":true,"href":"https:\/\/ellias-pflegedienst.de\/index.php?rest_route=\/wp\/v2\/users\/1"}],"replies":[{"embeddable":true,"href":"https:\/\/ellias-pflegedienst.de\/index.php?rest_route=%2Fwp%2Fv2%2Fcomments&post=27"}],"version-history":[{"count":73,"href":"https:\/\/ellias-pflegedienst.de\/index.php?rest_route=\/wp\/v2\/pages\/27\/revisions"}],"predecessor-version":[{"id":343,"href":"https:\/\/ellias-pflegedienst.de\/index.php?rest_route=\/wp\/v2\/pages\/27\/revisions\/343"}],"wp:attachment":[{"href":"https:\/\/ellias-pflegedienst.de\/index.php?rest_route=%2Fwp%2Fv2%2Fmedia&parent=27"}],"curies":[{"name":"wp","href":"https:\/\/api.w.org\/{rel}","templated":true}]}}

<div data-elementor-type="wp-page" data-elementor-id="27" class="elementor elementor-27" data-elementor-post-type="page">
				<div class="elementor-element elementor-element-35e471b7 e-flex e-con-boxed e-con e-parent" data-id="35e471b7" data-element_type="container" data-settings="{&quot;background_background&quot;:&quot;classic&quot;}">
					<div class="e-con-inner">
				<div class="elementor-element elementor-element-4f097878 elementor-widget elementor-widget-heading" data-id="4f097878" data-element_type="widget" data-widget_type="heading.default">
				<div class="elementor-widget-container">
					<h6 class="elementor-heading-title elementor-size-default">ELLIAS GMBH </h6>				</div>
				</div>
				<div class="elementor-element elementor-element-377a05c9 elementor-widget elementor-widget-heading" data-id="377a05c9" data-element_type="widget" data-widget_type="heading.default">
				<div class="elementor-widget-container">
					<h1 class="elementor-heading-title elementor-size-default">Ihr Ambulanter Pflegedienst in Hilden</h1>				</div>
				</div>
				<div class="elementor-element elementor-element-72bbf78b elementor-widget elementor-widget-heading" data-id="72bbf78b" data-element_type="widget" data-widget_type="heading.default">
				<div class="elementor-widget-container">
					<h5 class="elementor-heading-title elementor-size-default">Die Lebensqualität unserer Patienten und ihrer Angehörigen ist unser wichtigstes Anliegen.

Unser Handeln ist auf Ihre individuellen Bedürfnisse und Wünsche ausgerichtet. </h5>				</div>
				</div>
					</div>
				</div>
		<div class="elementor-element elementor-element-47e64d8f e-con-full e-flex e-con e-parent" data-id="47e64d8f" data-element_type="container" data-settings="{&quot;background_background&quot;:&quot;classic&quot;}">
		<div class="elementor-element elementor-element-7eeaf376 e-con-full e-flex e-con e-child" data-id="7eeaf376" data-element_type="container">
				<div class="elementor-element elementor-element-8e96e32 elementor-widget__width-initial elementor-widget elementor-widget-heading" data-id="8e96e32" data-element_type="widget" data-widget_type="heading.default">
				<div class="elementor-widget-container">
					<h2 class="elementor-heading-title elementor-size-default">Pflege bedeutet für uns Vertrauen gepaart mit Kompetenz. </h2>				</div>
				</div>
				<div class="elementor-element elementor-element-ca8f46b elementor-widget elementor-widget-text-editor" data-id="ca8f46b" data-element_type="widget" data-settings="{&quot;_animation&quot;:&quot;none&quot;,&quot;_animation_delay&quot;:0}" data-widget_type="text-editor.default">
				<div class="elementor-widget-container">
									<p>Wir stehen Familien mit Rat und Tat zur Seite, wenn es um die Organisation zwischen Beruf und zu pflegende Angehörige geht.</p><p>Praktische Hilfe im Alltag sowie fürsorglicher Umgang mit den Pflegebedürftigen und ihren Angehörigen stehen bei uns im Vordergrund.</p>								</div>
				</div>
				<div class="elementor-element elementor-element-f34ff49 elementor-widget-mobile__width-inherit elementor-tablet-align-center elementor-widget elementor-widget-button" data-id="f34ff49" data-element_type="widget" data-settings="{&quot;_animation&quot;:&quot;none&quot;,&quot;_animation_delay&quot;:0}" data-widget_type="button.default">
				<div class="elementor-widget-container">
									<div class="elementor-button-wrapper">
					<a class="elementor-button elementor-button-link elementor-size-sm" href="https://ellias-pflegedienst.de/?page_id=36">
						<span class="elementor-button-content-wrapper">
									<span class="elementor-button-text">Unsere Leistungen</span>
					</span>
					</a>
				</div>
								</div>
				</div>
				</div>
		<div class="elementor-element elementor-element-338b4b3f e-con-full e-flex e-con e-child" data-id="338b4b3f" data-element_type="container">
				<div class="elementor-element elementor-element-7f836771 elementor-widget-mobile__width-initial elementor-widget elementor-widget-image" data-id="7f836771" data-element_type="widget" data-widget_type="image.default">
				<div class="elementor-widget-container">
															<img fetchpriority="high" decoding="async" width="800" height="533" src="https://ellias-pflegedienst.de/wp-content/uploads/2025/02/Depositphotos_47670295_l-2015-1-1024x682.jpg" class="attachment-large size-large wp-image-134" alt="" srcset="https://ellias-pflegedienst.de/wp-content/uploads/2025/02/Depositphotos_47670295_l-2015-1-1024x682.jpg 1024w, https://ellias-pflegedienst.de/wp-content/uploads/2025/02/Depositphotos_47670295_l-2015-1-300x200.jpg 300w, https://ellias-pflegedienst.de/wp-content/uploads/2025/02/Depositphotos_47670295_l-2015-1-768x512.jpg 768w, https://ellias-pflegedienst.de/wp-content/uploads/2025/02/Depositphotos_47670295_l-2015-1-1536x1024.jpg 1536w, https://ellias-pflegedienst.de/wp-content/uploads/2025/02/Depositphotos_47670295_l-2015-1.jpg 2000w" sizes="(max-width: 800px) 100vw, 800px" />															</div>
				</div>
				<div class="elementor-element elementor-element-39d7a154 elementor-widget-mobile__width-initial elementor-widget elementor-widget-image" data-id="39d7a154" data-element_type="widget" data-widget_type="image.default">
				<div class="elementor-widget-container">
															<img decoding="async" width="800" height="533" src="https://ellias-pflegedienst.de/wp-content/uploads/2025/02/Depositphotos_32902589_l-2015-1-1024x682.jpg" class="attachment-large size-large wp-image-133" alt="" srcset="https://ellias-pflegedienst.de/wp-content/uploads/2025/02/Depositphotos_32902589_l-2015-1-1024x682.jpg 1024w, https://ellias-pflegedienst.de/wp-content/uploads/2025/02/Depositphotos_32902589_l-2015-1-300x200.jpg 300w, https://ellias-pflegedienst.de/wp-content/uploads/2025/02/Depositphotos_32902589_l-2015-1-768x512.jpg 768w, https://ellias-pflegedienst.de/wp-content/uploads/2025/02/Depositphotos_32902589_l-2015-1-1536x1024.jpg 1536w, https://ellias-pflegedienst.de/wp-content/uploads/2025/02/Depositphotos_32902589_l-2015-1.jpg 2000w" sizes="(max-width: 800px) 100vw, 800px" />															</div>
				</div>
				</div>
				</div>
		<div class="elementor-element elementor-element-393e50a9 e-con-full e-flex e-con e-parent" data-id="393e50a9" data-element_type="container" data-settings="{&quot;background_background&quot;:&quot;classic&quot;}">
		<div class="elementor-element elementor-element-121ff7f5 e-con-full e-flex e-con e-child" data-id="121ff7f5" data-element_type="container">
				<div class="elementor-element elementor-element-3930c82a elementor-widget elementor-widget-image" data-id="3930c82a" data-element_type="widget" data-widget_type="image.default">
				<div class="elementor-widget-container">
															<img decoding="async" width="2000" height="1335" src="https://ellias-pflegedienst.de/wp-content/uploads/2025/02/Depositphotos_208479570_l-2015-1.jpg" class="attachment-full size-full wp-image-135" alt="" srcset="https://ellias-pflegedienst.de/wp-content/uploads/2025/02/Depositphotos_208479570_l-2015-1.jpg 2000w, https://ellias-pflegedienst.de/wp-content/uploads/2025/02/Depositphotos_208479570_l-2015-1-300x200.jpg 300w, https://ellias-pflegedienst.de/wp-content/uploads/2025/02/Depositphotos_208479570_l-2015-1-1024x684.jpg 1024w, https://ellias-pflegedienst.de/wp-content/uploads/2025/02/Depositphotos_208479570_l-2015-1-768x513.jpg 768w, https://ellias-pflegedienst.de/wp-content/uploads/2025/02/Depositphotos_208479570_l-2015-1-1536x1025.jpg 1536w" sizes="(max-width: 2000px) 100vw, 2000px" />															</div>
				</div>
				</div>
		<div class="elementor-element elementor-element-287510ec e-con-full e-flex e-con e-child" data-id="287510ec" data-element_type="container">
				<div class="elementor-element elementor-element-40e76ab8 elementor-widget__width-initial elementor-widget elementor-widget-heading" data-id="40e76ab8" data-element_type="widget" data-widget_type="heading.default">
				<div class="elementor-widget-container">
					<h2 class="elementor-heading-title elementor-size-default">Ellias Ambulanter Pflegedienst in Hilden</h2>				</div>
				</div>
				<div class="elementor-element elementor-element-7e790a68 elementor-widget elementor-widget-text-editor" data-id="7e790a68" data-element_type="widget" data-settings="{&quot;_animation&quot;:&quot;none&quot;,&quot;_animation_delay&quot;:0}" data-widget_type="text-editor.default">
				<div class="elementor-widget-container">
									<p>ist Ihr Partner für die häusliche Kranken und Altenpflege in und um Hilden. Wir freuen uns auf ein persönliches Gespräch mit Ihnen.</p>								</div>
				</div>
				<div class="elementor-element elementor-element-4de176a elementor-widget-mobile__width-inherit elementor-widget elementor-widget-button" data-id="4de176a" data-element_type="widget" data-settings="{&quot;_animation&quot;:&quot;none&quot;,&quot;_animation_delay&quot;:0}" data-widget_type="button.default">
				<div class="elementor-widget-container">
									<div class="elementor-button-wrapper">
					<a class="elementor-button elementor-button-link elementor-size-sm" href="https://ellias-pflegedienst.de/?page_id=68">
						<span class="elementor-button-content-wrapper">
									<span class="elementor-button-text">Kontaktieren Sie uns heute!</span>
					</span>
					</a>
				</div>
								</div>
				</div>
				</div>
				</div>
				</div>

<p>ELLIAS GMBH Ihr Ambulanter Pflegedienst in Hilden Die Lebensqualität unserer Patienten und ihrer Angehörigen ist unser wichtigstes Anliegen. Unser Handeln ist auf Ihre individuellen Bedürfnisse und Wünsche ausgerichtet. Pflege bedeutet für uns Vertrauen gepaart mit Kompetenz. Wir stehen Familien mit Rat und Tat zur Seite, wenn es um die Organisation zwischen Beruf und zu pflegende [&hellip;]</p>
